) composite?
False
Let m be (-2 - -1) + 435/3. Let a = -424 + m. Let k = a - -491. Is k composite?
False
Let a be 3 + 1 + (0 - -9). Is 925/a - 4/26 prime?
True
Suppose 515 = 5*x - 3*y, 8*x + 4*y = 3*x + 515. Is x composite?
False
Let v be 18/(-4) + 2/(-4). Let q(t) be the second derivative of -19*t**3/6 - 2*t**2 - 3*t. Is q(v) composite?
True
Suppose 4*m - 4*y = 8, 0*m = -2*m - y + 16. Let x be (-8)/12 - (-46)/m. Let a = 44 - x. Is a a composite number?
False
Let g be (7/(-14))/(1/38). Let o = g - -54. Is o a prime number?
False
Suppose 2*i + 4*r - 8 = 0, 18 = -3*i - 3*r + 7*r. Let y = i - -13. Is y prime?
True
Let f = 6 - 16. Let y be (-4)/f - 32/(-20). Suppose -y*n + 21 - 1 = 0. Is n a composite number?
True
Let i = 3 - 1. Suppose -i*l - l + 159 = 0. Is l a prime number?
True
Let k = 302 - -641. Is k a prime number?
False
Let b(w) = w**2 - 7*w + 5. Let i be b(6). Is (-3)/(i/((-21)/(-9))) a prime number?
True
Let r = 191 + -4. Is r a prime number?
False
Let y be (-575)/(-10) - (-1)/(-2). Suppose -y = -5*c + 118. Is c composite?
True
Let v be (14 + 1)*1/3. Suppose 5*j = -3*b + 177, -j - 118 = -2*b - v*j. Is b a composite number?
False
Suppose 3*f - 612 = f. Let w = f + -143. Is w a prime number?
True
Let l(x) = x**3 - 14*x**2 - x. Let g be l(7). Let d = g - -551. Is d prime?
False
Suppose -3*t + t + 886 = 0. Is t composite?
False
Suppose 0 = 4*q + 8, -2*x = -x - q - 445. Is x composite?
False
Suppose 4*m = 5*s - 45, -6*s + s = 4*m - 5. Suppose 5*p - s*u = 115, -5*p + 35 = -2*u - 80. Let y = p - -96. Is y a prime number?
False
Let t(z) = 20*z + 5. Is t(4) composite?
True
Suppose -3*n + 5*z = -988, 10*n - 13*n + z + 992 = 0. Is n prime?
True
Let d(u) = -17*u**3 + 2*u**2 + u - 7. Is d(-3) prime?
True
Suppose 1735 = 7*s - 8982. Is s a prime number?
True
Let y(w) = w**2 + 2*w - 1. Let g be y(-3). Let j be (238/35)/(g/(-10)). Let u = 69 + j. Is u prime?
False
Suppose 0 = -9*l + 4*l + 7535. Is l composite?
True
Let g = 6 + -4. Let f = g - -2. Suppose -5*r + 4*w + 185 = 0, -f*w = -3*w. Is r a composite number?
False
Let d(b) = b**2 + 7*b + 3. Let j = 12 - 19. Let y be d(j). Suppose -2*g - 4*t = -y*t - 744, -2*g + 736 = 5*t. Is g a composite number?
False
Suppose -3*v - 3*w = -3, -4*v = -v + 5*w + 7. Let p(x) be the first derivative of 25*x**2 + 5*x + 12. Is p(v) a composite number?
True
Let h(w) = -w**3 + w. Let d(k) = 3*k**3 + 14*k**2 + k + 7. Let s(y) = -d(y) - 2*h(y). Is s(-14) prime?
False
Let j = 2650 + -749. Is j a composite number?
False
Let j = 19 + 22. Let y = 25 - j. Let z = -6 - y. Is z prime?
False
Let v(y) = 3*y - 1. Let h be v(1). Suppose 3 = -h*z + 3*z. Suppose 2*d = z*d - 65. Is d a composite number?
True
Let p be ((-474)/(-4))/((-2)/(-4)). Let g be p/27 + 2/9. Suppose 3*t + g = -l + 47, -5*l = 3*t - 142. Is l composite?
True
Let i(v) = v**3 - 10*v**2 - 2*v + 11. Let t be i(10). Let u = t - -3. Is ((-178)/u)/((-1)/(-3)) a composite number?
False
Let c(i) = -3 - 3*i - 7*i - 2. Is c(-6) composite?
True
Let h be 1/(-1) - (2 - 4). Let t be 1/((-2)/(18*h)). Is 2/(0 + (-3)/t) prime?
False
Let o = -29 - -51. Is o prime?
False
Suppose -j = -2, -5 = 3*x + 2*j - 3*j. Let y be 78*1 + x - 2. Suppose y = 4*o - 121. Is o composite?
True
Let r(c) = 34*c - 2. Is r(6) a prime number?
False
Let a(h) = -h**3 + 10*h**2 - 10*h - 2. Is a(8) a prime number?
False
Let r be (-5)/(-3 - (-6)/3). Suppose 10*h = r*h + 70. Is (-662)/(-14) - 4/h a composite number?
False
Let b(j) = j**3 - 9*j**2 + 9*j - 5. Let r be b(8). Suppose r*o = 6*o - 42. Is o prime?
False
Let r(c) = -4*c - 3. Let d = -5 - -3. Let o be r(d). Suppose -50 - 285 = -o*u. Is u a composite number?
False
Suppose 2*v + 6 - 2 = 0. Is 3126/v*(-2)/6 a prime number?
True
Suppose -221 = -3*b - 4*i, -2*b + 4*i + 174 = -0. Is b a composite number?
False
Let g = -228 + 2691. Is g a prime number?
False
Suppose -5*l + 8*l - 1266 = 3*d, -l = -3*d - 428. Is l prime?
True
Let x be (-29)/3 + (-3)/9. Let i be ((-48)/20)/(3/x). Suppose l - 7 = -2*y, -4*l + i*y - 3*y = -28. Is l a prime number?
True
Suppose 0 = 4*g - 5*z - 23, -5*g - 2 = -z + 5*z. Let p be g/8 + (-692)/16. Let l = -20 - p. Is l a prime number?
True
Let z = -496 - -915. Is z a prime number?
True
Suppose -h - 2*d = 3*h + 750, 910 = -5*h + 3*d. Is 1 + -4 - h/5 composite?
True
Let n(y) = y**3 - 5*y - 5. Let q = -8 + 13. Is n(q) prime?
False
Suppose -h - 5*a + a = -91, -3*h + 5*a + 256 = 0. Is h a composite number?
True
Is 1/5*-3 - (-89920)/200 prime?
True
Let f(u) = 5*u**3 - 3*u**2 - 7*u + 13. Let i(j) = 9*j**3 - 7*j**2 - 15*j + 25. Let l(t) = 7*f(t) - 4*i(t). Let g = 16 - 8. Is l(g) a prime number?
False
Let o = -7 + 6. Let d(g) = 83*g**2. Is d(o) prime?
True
Let b(s) = -5*s**2 + 0*s - 3*s - 3*s - 3 + 0*s**2 - s**3. Is b(-6) a prime number?
False
Let u = 420 - 235. Is u a prime number?
False
Let m be (-16)/(-6)*3/2. Suppose -2*t + v = -t - 184, 5*v = m*t - 733. Is t prime?
False
Let m be (2*3)/((-4)/6). Let s(c) = -3*c + 0*c - 58 + 64. Is s(m) a prime number?
False
Let y(p) = p**3 - 10*p**2 - 12*p + 14. Let j be y(11). Let i be -3*2/(-6)*j. Is 8/i*(-564)/(-16) a prime number?
False
Suppose o - 1173 = 5*i, -o - 3*o + 4646 = 3*i. Is o a composite number?
False
Suppose g - 595 = -2*h, 4*h + 571 = -5*g + 6*g. Is g composite?
False
Let l be (-3)/(-6) + (-9)/(-2). Suppose -4*y = -l*y + 6. Let u(r) = -r**3 + 7*r**2 - 4*r - 2. Is u(y) a prime number?
False
Suppose -5*p = 3*y - 1071 - 262, -2*y + 886 = 4*p. Let a = -160 + y. Is a prime?
False
Let f = -5 + 1. Let d(r) = -r**3 - 2*r**2 + 4*r + 3. Let n be d(f). Suppose 4*p - n = 113. Is p a composite number?
True
Let w be (-3)/((-3)/(-99) + 0). Let k = 274 + w. Let r = k + 48. Is r composite?
False
Let t(a) = -6*a**3 - a + 7. Is t(-4) a composite number?
True
Suppose 5*m + 3*b = 13 + 313, -m + 5*b + 82 = 0. Is m prime?
True
Let a be -1 - 30/(-9)*3. Let h = 13 - a. Is (-55)/h*4*-1 prime?
False
Let a = 19 + -17. Let v be (-2)/(-9) - (-1312)/9. Suppose -2*h = -a*l - v, 0*l + 3*l = 12. Is h composite?
True
Let z(m) = 93*m + 35. Is z(12) a composite number?
False
Let h = 1 + 1. Suppose -h*l + 7*l = 65. Let z = 21 + l. Is z a composite number?
True
Let m = 2 + -2. Suppose -4*y = -m*y. Suppose 3*x - 5*k - 90 = y, 0 = 4*x - 0*x - 2*k - 134. Is x prime?
False
Suppose 0 = k + 3*j - 388, -5*k = -k + j - 1497. Is k composite?
False
Let m = 16 - 16. Suppose 2*d - 144 + 28 = m. Is d a prime number?
False
Suppose 0 = -4*t, -2*b + 4*t = -0*t - 20. Suppose 0 = y + y + 2*z - 16, -y = 3*z - b. Is y prime?
True
Suppose -5*f - 3*d = 670, 5*f - d = -3*d - 665. Let s = 205 + f. Is s a composite number?
True
Let s(f) = -3*f + 3*f - 1 - f. Let i be s(-1). Suppose c + 0*c - x - 80 = i, 5*c + 2*x = 393. Is c a composite number?
False
Suppose 38 = 2*x + 16. Suppose x*r = 6*r - 10, i - 121 = -3*r. Is i a prime number?
True
Let s be (1 - -1)/(1/231). Let b = s - 167. Is b composite?
True
Let x(m) = -7*m + 7. Let c be x(-9). Suppose 0 = -2*v + 240 - c. Is v a composite number?
True
Suppose 0 = -3*f + 2*f - 4*y + 319, 5*f + 4*y = 1547. Is f a composite number?
False
Suppose -2 = -p - 0. Suppose -z - p*z = -57. Is z a prime number?
True
Let u(n) = -2 - n - 1 + 2*n. Let f be u(7). Suppose 5*j = -3*m + f*j + 60, 102 = 5*m + j. Is m a composite number?
True
Let u = 339 + -106. Is u a prime number?
True
Suppose -270 = -2*o + 174. Let q = o + -31. Is q a prime number?
True
Let t(r) be the third derivative of r**6/120 + r**3/3 - r**2. Let q be (-2)/(-9) - 4/18. Is t(q) prime?
True
Let u be (6 - 7)/((-2)/584). Suppose -4*k = -u - 168. Is k a prime number?
False
Let k be (0/(-2))/(-2 - -3). Let p = k + 11. Suppose 3*n - p - 46 = 0. Is n a prime number?
True
Let r(k) = 47*k + 24. Is r(5) composite?
True
Suppose c = -0*c + 104. Let d = 44 - 83. Let m = d + c. Is m a composite number?
True
Let f = 282 - 167. Is f a prime number?
False
Let l = -1070 + 1653. Is l prime?
False
Suppose 0 = 2*l - 3*a - 61 - 322, -4*l - 3*a + 739 = 0. Is l prime?
False
Suppose 4*s - 364 = 4*t, 5*t + 283 = 3*s - 0*t. Is s a composite number?
True
Let p(c) = -c**2 + c + 22. Suppose 0 = 3*t - 2*t. Let g be p(t). Let x = -13 + g. Is x a composite number?
True
Suppose -6*v + 3*v = 0. Suppose -r + 3*r = v. Suppose r*n - 526 = -2*n. Is n prime?
True
Is (-4 - 0) + 4077/3 a prime numb